{"id":1852,"date":"2025-03-04T22:00:58","date_gmt":"2025-03-04T21:00:58","guid":{"rendered":"https:\/\/runningcultural.es\/?page_id=1852"},"modified":"2025-06-17T20:12:16","modified_gmt":"2025-06-17T18:12:16","slug":"colaboradores","status":"publish","type":"page","link":"https:\/\/runningcultural.es\/index.php\/colaboradores\/","title":{"rendered":"Tu Aventura"},"content":{"rendered":"\n<div class=\"wp-block-kadence-column kadence-column1852_b53012-1a\"><div class=\"kt-inside-inner-col\"><\/div><\/div>\n\n\n\n<div class=\"wp-block-kadence-column kadence-column1852_0f6bcf-91\"><div class=\"kt-inside-inner-col\"><div class=\"kb-row-layout-wrap kb-row-layout-id1852_f2bb89-79 alignnone wp-block-kadence-rowlayout\"><div class=\"kt-row-column-wrap kt-has-1-columns kt-row-layout-equal kt-tab-layout-inherit kt-mobile-layout-row kt-row-valign-top\">\n\n<div class=\"wp-block-kadence-column kadence-column1852_c642bd-a4\"><div class=\"kt-inside-inner-col\">\n<h3 class=\"wp-block-heading\"><strong>\u00danete como Colaborador y Comparte Nuevas Rutas<\/strong>, Art\u00edculos y Carreras <\/h3>\n\n\n\n<p> <strong>Juntos<\/strong> podemos crear un espacio con rutas para descubrir y disfrutar. <\/p>\n\n\n\n<p><strong>Tres sencillas<\/strong> formas de contarnos t\u00fa Ruta o Art\u00edculos:<\/p>\n\n\n\n<p><strong>1.-<\/strong> <strong>Descarga el formulario .DOCX<\/strong> &#8212; env\u00edalo con toda la informaci\u00f3n que tengas a <strong><a href=\"mailto:runningcultural@gmail.com\">runningcultural@gmail.com<\/a><\/strong> <\/p>\n\n\n\n<p><strong>2.-<\/strong> <strong>Completa<\/strong> el formulario <strong>Rutas<\/strong> <strong>On-Line<\/strong> <\/p>\n\n\n\n<p><strong>3.-<\/strong> <strong>Completa <\/strong>el formulario <strong>Experiencia On-Line<\/strong> para informarnos de tus <strong>carreras o art\u00edculos <\/strong>que desees se publique: <\/p>\n\n\n\n<div class=\"wp-block-kadence-advancedbtn kb-buttons-wrap kb-btns1852_3d72c5-a3\"><a class=\"kb-button kt-button button kb-btn1852_bc713d-ef kt-btn-size-standard kt-btn-width-type-auto kb-btn-global-fill  kt-btn-has-text-true kt-btn-has-svg-false  wp-block-kadence-singlebtn\" href=\"https:\/\/runningcultural.es\/wp-content\/uploads\/2025\/03\/Plantilla_Rutas_Final.docx\" download=\"\"><span class=\"kt-btn-inner-text\">(1)Descargar Formulario .DOCX<\/span><\/a>\n\n<a class=\"kb-button kt-button button kb-btn1852_05e5be-1b kt-btn-size-standard kt-btn-width-type-auto kb-btn-global-fill  kt-btn-has-text-true kt-btn-has-svg-false  wp-block-kadence-singlebtn\" href=\"https:\/\/runningcultural.es\/index.php\/contacto\/\" target=\"_blank\" rel=\"noreferrer noopener\"><span class=\"kt-btn-inner-text\">(2)Formulario Rutas On-Line <\/span><\/a>\n\n<a class=\"kb-button kt-button button kb-btn1852_ff527d-f0 kt-btn-size-standard kt-btn-width-type-auto kb-btn-global-fill  kt-btn-has-text-true kt-btn-has-svg-false  wp-block-kadence-singlebtn\" href=\"https:\/\/runningcultural.es\/index.php\/formulario-experiencias\/\" target=\"_blank\" rel=\"noreferrer noopener\"><span class=\"kt-btn-inner-text\">(3)Formulario Art\u00edculo\/Carreras On-Line <\/span><\/a><\/div>\n\n\n\n<h2 class=\"wp-block-heading\">\ud83c\udfc3\u200d\u2642\ufe0f\u2728 \u00a1<strong>S\u00edguenos en nuestras redes<\/strong> y disfruta de las \u00faltimas novedades . \ud83d\ude80<\/h2>\n\n\n\n<ul class=\"wp-block-list\">\n<li>\ud83c\udf0d <strong><a href=\"https:\/\/runningcultural.es\/\" target=\"_blank\" rel=\"noreferrer noopener\">Web<\/a><\/strong> | \ud83d\udcf8 <strong><a href=\"https:\/\/www.instagram.com\/runningcultural\/\">Instagram<\/a><\/strong><\/li>\n\n\n\n<li>\ud83d\udcd8 <strong><a href=\"https:\/\/www.facebook.com\/search\/top?q=runningcultural\" target=\"_blank\" rel=\"noreferrer noopener\">Facebook<\/a><\/strong> | \ud83c\udfa5 <strong><a href=\"https:\/\/www.youtube.com\/@RunningCultural\">YouTube<\/a><\/strong><\/li>\n\n\n\n<li><font style=\"vertical-align: inherit;\"><font style=\"vertical-align: inherit;\">\ud83c\udfb5TikTok <\/font><font style=\"vertical-align: inherit;\">|<\/font><\/font><strong><a href=\"https:\/\/www.tiktok.com\/@runningcultural\"><font style=\"vertical-align: inherit;\"><font style=\"vertical-align: inherit;\">\u200b<\/font><\/font><\/a><\/strong><font style=\"vertical-align: inherit;\"><\/font><\/li>\n<\/ul>\n\n\n\n<p class=\"has-text-align-left\">\ud83d\udce9 <strong>Email:<\/strong> <a href=\"mailto:runningcultural@gmail.com\" target=\"_blank\" rel=\"noreferrer noopener\">runningcultural@gmail.com<\/a><\/p>\n<\/div><\/div>\n\n<\/div><\/div><\/div><\/div>\n\n\n\n<p><\/p>\n<div class=\"pvc_clear\"><\/div><p id=\"pvc_stats_1852\" class=\"pvc_stats all  \" data-element-id=\"1852\" style=\"\"><i class=\"pvc-stats-icon small\" aria-hidden=\"true\"><svg aria-hidden=\"true\" focusable=\"false\" data-prefix=\"far\" data-icon=\"chart-bar\" role=\"img\" xmlns=\"http:\/\/www.w3.org\/2000\/svg\" viewBox=\"0 0 512 512\" class=\"svg-inline--fa fa-chart-bar fa-w-16 fa-2x\"><path fill=\"currentColor\" d=\"M396.8 352h22.4c6.4 0 12.8-6.4 12.8-12.8V108.8c0-6.4-6.4-12.8-12.8-12.8h-22.4c-6.4 0-12.8 6.4-12.8 12.8v230.4c0 6.4 6.4 12.8 12.8 12.8zm-192 0h22.4c6.4 0 12.8-6.4 12.8-12.8V140.8c0-6.4-6.4-12.8-12.8-12.8h-22.4c-6.4 0-12.8 6.4-12.8 12.8v198.4c0 6.4 6.4 12.8 12.8 12.8zm96 0h22.4c6.4 0 12.8-6.4 12.8-12.8V204.8c0-6.4-6.4-12.8-12.8-12.8h-22.4c-6.4 0-12.8 6.4-12.8 12.8v134.4c0 6.4 6.4 12.8 12.8 12.8zM496 400H48V80c0-8.84-7.16-16-16-16H16C7.16 64 0 71.16 0 80v336c0 17.67 14.33 32 32 32h464c8.84 0 16-7.16 16-16v-16c0-8.84-7.16-16-16-16zm-387.2-48h22.4c6.4 0 12.8-6.4 12.8-12.8v-70.4c0-6.4-6.4-12.8-12.8-12.8h-22.4c-6.4 0-12.8 6.4-12.8 12.8v70.4c0 6.4 6.4 12.8 12.8 12.8z\" class=\"\"><\/path><\/svg><\/i> <img decoding=\"async\" width=\"16\" height=\"16\" alt=\"Loading\" src=\"https:\/\/runningcultural.es\/wp-content\/plugins\/page-views-count\/ajax-loader-2x.gif\" border=0 \/><\/p><div class=\"pvc_clear\"><\/div><style class=\"advgb-styles-renderer\">.kadence-column1852_b53012-1a > .kt-inside-inner-col,.kadence-column1852_b53012-1a > .kt-inside-inner-col:before{border-top-left-radius:0px;border-top-right-radius:0px;border-bottom-right-radius:0px;border-bottom-left-radius:0px;}.kadence-column1852_b53012-1a > .kt-inside-inner-col{column-gap:var(--global-kb-gap-sm, 1rem);}.kadence-column1852_b53012-1a > .kt-inside-inner-col{flex-direction:column;}.kadence-column1852_b53012-1a > .kt-inside-inner-col > .aligncenter{width:100%;}.kadence-column1852_b53012-1a > .kt-inside-inner-col:before{opacity:0.3;}.kadence-column1852_b53012-1a{position:relative;}@media all and (max-width: 1024px){.kadence-column1852_b53012-1a > .kt-inside-inner-col{flex-direction:column;justify-content:center;}}@media all and (max-width: 767px){.kadence-column1852_b53012-1a > .kt-inside-inner-col{flex-direction:column;justify-content:center;}}.kadence-column1852_0f6bcf-91 > .kt-inside-inner-col,.kadence-column1852_0f6bcf-91 > .kt-inside-inner-col:before{border-top-left-radius:0px;border-top-right-radius:0px;border-bottom-right-radius:0px;border-bottom-left-radius:0px;}.kadence-column1852_0f6bcf-91 > .kt-inside-inner-col{column-gap:var(--global-kb-gap-sm, 1rem);}.kadence-column1852_0f6bcf-91 > .kt-inside-inner-col{flex-direction:column;}.kadence-column1852_0f6bcf-91 > .kt-inside-inner-col > .aligncenter{width:100%;}.kadence-column1852_0f6bcf-91 > .kt-inside-inner-col:before{opacity:0.3;}.kadence-column1852_0f6bcf-91{position:relative;}@media all and (max-width: 1024px){.kadence-column1852_0f6bcf-91 > .kt-inside-inner-col{flex-direction:column;justify-content:center;}}@media all and (max-width: 767px){.kadence-column1852_0f6bcf-91 > .kt-inside-inner-col{flex-direction:column;justify-content:center;}}.kb-row-layout-wrap.wp-block-kadence-rowlayout.kb-row-layout-id1852_f2bb89-79{margin-top:var(--global-kb-spacing-3xl, 6.5rem);}.kb-row-layout-id1852_f2bb89-79 > .kt-row-column-wrap{align-content:start;}:where(.kb-row-layout-id1852_f2bb89-79 > .kt-row-column-wrap) > .wp-block-kadence-column{justify-content:start;}.kb-row-layout-id1852_f2bb89-79 > .kt-row-column-wrap{column-gap:var(--global-kb-gap-md, 2rem);row-gap:var(--global-kb-gap-md, 2rem);padding-top:var(--global-kb-spacing-lg, 3rem);padding-bottom:var(--global-kb-spacing-sm, 1.5rem);grid-template-columns:minmax(0, 1fr);}.kb-row-layout-id1852_f2bb89-79 > .kt-row-layout-overlay{opacity:0.30;}@media all and (max-width: 1024px){.kb-row-layout-id1852_f2bb89-79 > .kt-row-column-wrap{grid-template-columns:minmax(0, 1fr);}}@media all and (max-width: 767px){.kb-row-layout-id1852_f2bb89-79 > .kt-row-column-wrap{grid-template-columns:minmax(0, 1fr);}}.kadence-column1852_c642bd-a4 > .kt-inside-inner-col,.kadence-column1852_c642bd-a4 > .kt-inside-inner-col:before{border-top-left-radius:0px;border-top-right-radius:0px;border-bottom-right-radius:0px;border-bottom-left-radius:0px;}.kadence-column1852_c642bd-a4 > .kt-inside-inner-col{column-gap:var(--global-kb-gap-sm, 1rem);}.kadence-column1852_c642bd-a4 > .kt-inside-inner-col{flex-direction:column;}.kadence-column1852_c642bd-a4 > .kt-inside-inner-col > .aligncenter{width:100%;}.kadence-column1852_c642bd-a4 > .kt-inside-inner-col:before{opacity:0.3;}.kadence-column1852_c642bd-a4{position:relative;}@media all and (max-width: 1024px){.kadence-column1852_c642bd-a4 > .kt-inside-inner-col{flex-direction:column;justify-content:center;}}@media all and (max-width: 767px){.kadence-column1852_c642bd-a4 > .kt-inside-inner-col{flex-direction:column;justify-content:center;}}.wp-block-kadence-advancedbtn.kb-btns1852_3d72c5-a3{gap:var(--global-kb-gap-lg, 4rem);justify-content:center;align-items:center;}.kt-btns1852_3d72c5-a3 .kt-button{font-weight:normal;font-style:normal;}.kt-btns1852_3d72c5-a3 .kt-btn-wrap-0{margin-right:5px;}.wp-block-kadence-advancedbtn.kt-btns1852_3d72c5-a3 .kt-btn-wrap-0 .kt-button{color:#555555;border-color:#555555;}.wp-block-kadence-advancedbtn.kt-btns1852_3d72c5-a3 .kt-btn-wrap-0 .kt-button:hover, .wp-block-kadence-advancedbtn.kt-btns1852_3d72c5-a3 .kt-btn-wrap-0 .kt-button:focus{color:#ffffff;border-color:#444444;}.wp-block-kadence-advancedbtn.kt-btns1852_3d72c5-a3 .kt-btn-wrap-0 .kt-button::before{display:none;}.wp-block-kadence-advancedbtn.kt-btns1852_3d72c5-a3 .kt-btn-wrap-0 .kt-button:hover, .wp-block-kadence-advancedbtn.kt-btns1852_3d72c5-a3 .kt-btn-wrap-0 .kt-button:focus{background:#444444;}@media all and (max-width: 767px){.wp-block-kadence-advancedbtn.kb-btns1852_3d72c5-a3{justify-content:center;}}ul.menu .wp-block-kadence-advancedbtn .kb-btn1852_bc713d-ef.kb-button{width:initial;}ul.menu .wp-block-kadence-advancedbtn .kb-btn1852_05e5be-1b.kb-button{width:initial;}ul.menu .wp-block-kadence-advancedbtn .kb-btn1852_ff527d-f0.kb-button{width:initial;}<\/style>","protected":false},"excerpt":{"rendered":"<p>\u00danete como Colaborador y Comparte Nuevas Rutas, Art\u00edculos y Carreras Juntos podemos crear un espacio con rutas para descubrir y disfrutar. Tres sencillas formas de contarnos t\u00fa Ruta o Art\u00edculos: 1.- Descarga el formulario .DOCX &#8212; env\u00edalo con toda la informaci\u00f3n que tengas a runningcultural@gmail.com 2.- Completa el formulario Rutas On-Line 3.- Completa el formulario&#8230;<\/p>\n<div class=\"pvc_clear\"><\/div>\n<p id=\"pvc_stats_1852\" class=\"pvc_stats all  \" data-element-id=\"1852\" style=\"\"><i class=\"pvc-stats-icon small\" aria-hidden=\"true\"><svg aria-hidden=\"true\" focusable=\"false\" data-prefix=\"far\" data-icon=\"chart-bar\" role=\"img\" xmlns=\"http:\/\/www.w3.org\/2000\/svg\" viewBox=\"0 0 512 512\" class=\"svg-inline--fa fa-chart-bar fa-w-16 fa-2x\"><path fill=\"currentColor\" d=\"M396.8 352h22.4c6.4 0 12.8-6.4 12.8-12.8V108.8c0-6.4-6.4-12.8-12.8-12.8h-22.4c-6.4 0-12.8 6.4-12.8 12.8v230.4c0 6.4 6.4 12.8 12.8 12.8zm-192 0h22.4c6.4 0 12.8-6.4 12.8-12.8V140.8c0-6.4-6.4-12.8-12.8-12.8h-22.4c-6.4 0-12.8 6.4-12.8 12.8v198.4c0 6.4 6.4 12.8 12.8 12.8zm96 0h22.4c6.4 0 12.8-6.4 12.8-12.8V204.8c0-6.4-6.4-12.8-12.8-12.8h-22.4c-6.4 0-12.8 6.4-12.8 12.8v134.4c0 6.4 6.4 12.8 12.8 12.8zM496 400H48V80c0-8.84-7.16-16-16-16H16C7.16 64 0 71.16 0 80v336c0 17.67 14.33 32 32 32h464c8.84 0 16-7.16 16-16v-16c0-8.84-7.16-16-16-16zm-387.2-48h22.4c6.4 0 12.8-6.4 12.8-12.8v-70.4c0-6.4-6.4-12.8-12.8-12.8h-22.4c-6.4 0-12.8 6.4-12.8 12.8v70.4c0 6.4 6.4 12.8 12.8 12.8z\" class=\"\"><\/path><\/svg><\/i> <img decoding=\"async\" width=\"16\" height=\"16\" alt=\"Loading\" src=\"https:\/\/runningcultural.es\/wp-content\/plugins\/page-views-count\/ajax-loader-2x.gif\" border=0 \/><\/p>\n<div class=\"pvc_clear\"><\/div>\n","protected":false},"author":1,"featured_media":0,"parent":0,"menu_order":0,"comment_status":"closed","ping_status":"closed","template":"","meta":{"_eb_attr":"","inline_featured_image":false,"advgb_blocks_editor_width":"","advgb_blocks_columns_visual_guide":"","_kadence_starter_templates_imported_post":false,"_kad_post_transparent":"","_kad_post_title":"","_kad_post_layout":"","_kad_post_sidebar_id":"","_kad_post_content_style":"","_kad_post_vertical_padding":"","_kad_post_feature":"","_kad_post_feature_position":"","_kad_post_header":false,"_kad_post_footer":false,"_kad_post_classname":"","footnotes":""},"class_list":["post-1852","page","type-page","status-publish","hentry"],"coauthors":[],"author_meta":{"author_link":"https:\/\/runningcultural.es\/index.php\/author\/basalox\/","display_name":"Basalox"},"relative_dates":{"created":"Publicado 1 a\u00f1o hace","modified":"Actualizado 11 meses hace"},"absolute_dates":{"created":"Publicado el 4 de marzo de 2025","modified":"Actualizado el 17 de junio de 2025"},"absolute_dates_time":{"created":"Publicado el 4 de marzo de 2025 22:00","modified":"Actualizado el 17 de junio de 2025 20:12"},"featured_img_caption":"","featured_img":false,"series_order":null,"post_mailing_queue_ids":[],"_links":{"self":[{"href":"https:\/\/runningcultural.es\/index.php\/wp-json\/wp\/v2\/pages\/1852","targetHints":{"allow":["GET"]}}],"collection":[{"href":"https:\/\/runningcultural.es\/index.php\/wp-json\/wp\/v2\/pages"}],"about":[{"href":"https:\/\/runningcultural.es\/index.php\/wp-json\/wp\/v2\/types\/page"}],"author":[{"embeddable":true,"href":"https:\/\/runningcultural.es\/index.php\/wp-json\/wp\/v2\/users\/1"}],"replies":[{"embeddable":true,"href":"https:\/\/runningcultural.es\/index.php\/wp-json\/wp\/v2\/comments?post=1852"}],"version-history":[{"count":82,"href":"https:\/\/runningcultural.es\/index.php\/wp-json\/wp\/v2\/pages\/1852\/revisions"}],"predecessor-version":[{"id":3199,"href":"https:\/\/runningcultural.es\/index.php\/wp-json\/wp\/v2\/pages\/1852\/revisions\/3199"}],"wp:attachment":[{"href":"https:\/\/runningcultural.es\/index.php\/wp-json\/wp\/v2\/media?parent=1852"}],"curies":[{"name":"wp","href":"https:\/\/api.w.org\/{rel}","templated":true}]}}