{"id":2685,"date":"2025-04-07T12:51:05","date_gmt":"2025-04-07T10:51:05","guid":{"rendered":"https:\/\/runningcultural.es\/?page_id=2685"},"modified":"2025-04-10T13:12:19","modified_gmt":"2025-04-10T11:12:19","slug":"suscribete-boton","status":"publish","type":"page","link":"https:\/\/runningcultural.es\/index.php\/suscribete-boton\/","title":{"rendered":"Suscribete bot\u00f3n"},"content":{"rendered":"\n<div class=\"wp-block-kadence-column kadence-column2685_f52952-09\"><div class=\"kt-inside-inner-col\"><div class=\"kb-row-layout-wrap kb-row-layout-id2685_1e39da-a7 alignnone wp-block-kadence-rowlayout\"><div class=\"kt-row-column-wrap kt-has-1-columns kt-row-layout-equal kt-tab-layout-inherit kt-mobile-layout-row kt-row-valign-top\">\n\n<div class=\"wp-block-kadence-column kadence-column2685_cc4215-c9\"><div class=\"kt-inside-inner-col\"><div class=\"kb-row-layout-wrap kb-row-layout-id2685_09dff3-b8 alignnone wp-block-kadence-rowlayout\"><div class=\"kt-row-column-wrap kt-has-1-columns kt-row-layout-equal kt-tab-layout-inherit kt-mobile-layout-row kt-row-valign-top\">\n\n<div class=\"wp-block-kadence-column kadence-column2685_3e8d84-11\"><div class=\"kt-inside-inner-col\"><div class=\"emaillist\" id=\"es_form_f1-n1\"><form action=\"\/index.php\/wp-json\/wp\/v2\/pages\/2685#es_form_f1-n1\" method=\"post\" class=\"es_subscription_form es_shortcode_form  es_ajax_subscription_form\" id=\"es_subscription_form_69fb323b74897\" data-source=\"ig-es\" data-form-id=\"1\"><input type=\"hidden\" name=\"esfpx_form_id\" value=\"1\" \/><input type=\"hidden\" name=\"esfpx_lists[]\" value=\"0bc562be30ed\" \/><input type=\"hidden\" name=\"es\" value=\"subscribe\" \/>\n\t\t\t<input type=\"hidden\" name=\"esfpx_es_form_identifier\" value=\"f1-n1\" \/>\n\t\t\t<input type=\"hidden\" name=\"esfpx_es_email_page\" value=\"2685\" \/>\n\t\t\t<input type=\"hidden\" name=\"esfpx_es_email_page_url\" value=\"https:\/\/runningcultural.es\/index.php\/suscribete-boton\/\" \/>\n\t\t\t<input type=\"hidden\" name=\"esfpx_status\" value=\"Unconfirmed\" \/>\n\t\t\t<input type=\"hidden\" name=\"esfpx_es-subscribe\" id=\"es-subscribe-69fb323b74897\" value=\"d0b749cadd\" \/>\n\t\t\t<label style=\"position:absolute;top:-99999px;left:-99999px;z-index:-99;\" aria-hidden=\"true\"><span hidden>Por favor, deja este campo vac\u00edo.<\/span><input type=\"email\" name=\"esfpx_es_hp_email\" class=\"es_required_field\" tabindex=\"-1\" autocomplete=\"-1\" value=\"\" \/><\/label><style>form.es_subscription_form[data-form-id=\"1\"] * { box-sizing: border-box; } body {margin: 0;}#ixkr{padding-top:20px;padding-bottom:20px;padding-right:20px;padding-left:20px;border-width:0;border-style:solid;border:2px solid #006666;border-radius:10px 10px 10px 10px;color:#000000;width:330px;}#i17s{margin:0 0 10px 0;}#esfpx_name_f791394fc5b9b{padding-top:8px;padding-bottom:8px;padding-left:8px;padding-right:0;border-radius:0 0 0 0;line-height:30px;text-decoration:none;background-color:#f7f6e8;}#imab{margin:0 0 10px 0;}#esfpx_email_f791394fc5b9b{padding-top:8px;padding-right:0;padding-bottom:8px;padding-left:8px;background-color:#f7f6e8;border-radius:0 0 0 0;}#ic2t8{align:center;padding-top:15px;padding-bottom:15px;padding-right:15px;padding-left:15px;background-color:#ed8f0c;color:white;font-family:Georgia, serif;margin:-10px 0 -23px 45px;vertical-align:middle;font-size:21px;border:none rgb(255, 255, 255);}form[data-form-id=\"1\"] .es-form-field-container .gjs-row{display:flex;justify-content:flex-start;align-items:stretch;flex-wrap:nowrap;}form[data-form-id=\"1\"] .es-form-field-container .gjs-cell{flex-grow:1;flex-basis:100%;}form[data-form-id=\"1\"] .es-form-field-container .gjs-cell[data-highlightable=\"1\"]:empty{border-top-width:1px;border-right-width:1px;border-bottom-width:1px;border-left-width:1px;border-top-style:dashed;border-right-style:dashed;border-bottom-style:dashed;border-left-style:dashed;border-top-color:rgb(204, 204, 204);border-right-color:rgb(204, 204, 204);border-bottom-color:rgb(204, 204, 204);border-left-color:rgb(204, 204, 204);border-image-source:initial;border-image-slice:initial;border-image-width:initial;border-image-outset:initial;border-image-repeat:initial;height:30px;}form[data-form-id=\"1\"] .es-form-field-container .gjs-row .gjs-cell input[type=\"checkbox\"], form[data-form-id=\"1\"] .es-form-field-container .gjs-row .gjs-cell input[type=\"radio\"]{margin-top:0px;margin-right:5px;margin-bottom:0px;margin-left:0px;width:auto;}form[data-form-id=\"1\"] .es-form-field-container .gjs-row{margin-bottom:0.6em;}form[data-form-id=\"1\"] .es-form-field-container label.es-field-label{display:block;}@media only screen and (max-width: 576px){.gjs-row{display:flex;flex-direction:column;}.gjs-cell img{width:100%;height:auto;}}@media (max-width: 320px){form[data-form-id=\"1\"] .es-form-field-container{padding-top:1rem;padding-right:1rem;padding-bottom:1rem;padding-left:1rem;}}<\/style><div id=\"ixkr\" class=\"es-form-field-container\"><div class=\"gjs-row\"><div id=\"i17s\" class=\"gjs-cell\"><input type=\"text\" name=\"esfpx_name\" autocomplete=\"name\" placeholder=\"Nombre\" class=\"es-name\" id=\"esfpx_name_f791394fc5b9b\" \/><\/div><\/div><div class=\"gjs-row\"><div id=\"imab\" class=\"gjs-cell\"><input type=\"email\" required class=\"es-email\" name=\"esfpx_email\" autocomplete=\"email\" placeholder=\"Email\" id=\"esfpx_email_f791394fc5b9b\" \/><\/div><\/div><div class=\"gjs-row\"><div class=\"gjs-cell\"><div class=\"es_gdpr\"><\/div><\/div><\/div><div class=\"gjs-row\"><div class=\"gjs-cell\"><input type=\"submit\" name=\"submit\" value=\"Suscribete\" required id=\"ic2t8\" \/><\/div><\/div><\/div><span class=\"es_spinner_image\" id=\"spinner-image\"><img decoding=\"async\" src=\"https:\/\/runningcultural.es\/wp-content\/plugins\/email-subscribers\/lite\/public\/images\/spinner.gif\" alt=\"Loading\" \/><\/span><\/form><span class=\"es_subscription_message \" id=\"es_subscription_message_69fb323b74897\" role=\"alert\"><\/span><\/div>\n\n\n\n<blockquote class=\"wp-block-quote is-layout-flow wp-block-quote-is-layout-flow\">\n<p>En cualquier momento<strong> puedes darte de baja<\/strong> con tan s\u00f3lo enviarnos un mail : \ud83d\udce9 <strong>Email:<\/strong> <a href=\"mailto:runningcultural@gmail.com\" target=\"_blank\" rel=\"noreferrer noopener\">runningcultural@gmail.com<\/a><\/p>\n<\/blockquote>\n\n\n\n<blockquote class=\"wp-block-quote is-layout-flow wp-block-quote-is-layout-flow\">\n<h6 class=\"wp-block-heading\">\u2705 <strong>\u00a1Ap\u00fantate a la newsletter y s\u00e9 el primero en descubrir nuevas rutas y movidas monta\u00f1eras!<\/strong><\/h6>\n\n\n\n<p>\ud83d\udcec <strong>Suscr\u00edbete y mantente al d\u00eda con lo \u00faltimo en rutas, art\u00edculos y experiencias. <\/strong><\/p>\n\n\n\n<p><strong>\u00a1Que nada se te escape!<\/strong><\/p>\n<\/blockquote>\n\n\n\n<hr class=\"wp-block-separator has-alpha-channel-opacity\"\/>\n\n\n\n<blockquote class=\"wp-block-quote is-layout-flow wp-block-quote-is-layout-flow\">\n<p>\ud83c\udfc3\u200d\u2642\ufe0f\u2728 \u00a1<strong>S\u00edguenos en nuestras redes<\/strong> y disfruta de las \u00faltimas novedades . <\/p>\n<\/blockquote>\n\n\n\n<ul class=\"wp-block-list\">\n<li>\ud83c\udf0d <strong><a href=\"https:\/\/runningcultural.es\/\" target=\"_blank\" rel=\"noreferrer noopener\">Web<\/a><\/strong> | \ud83d\udcf8 <strong><a href=\"https:\/\/www.instagram.com\/runningcultural\/\">Instagram<\/a><\/strong><\/li>\n\n\n\n<li>\ud83d\udcd8 <strong><a href=\"https:\/\/www.facebook.com\/search\/top?q=runningcultural\" target=\"_blank\" rel=\"noreferrer noopener\">Facebook<\/a><\/strong> | \ud83c\udfa5 <strong><a href=\"https:\/\/www.youtube.com\/@RunningCultural\">YouTube<\/a><\/strong><\/li>\n\n\n\n<li><font style=\"vertical-align: inherit;\"><font style=\"vertical-align: inherit;\">\ud83c\udfb5TikTok <\/font><font style=\"vertical-align: inherit;\">|<\/font><\/font><strong><a href=\"https:\/\/www.tiktok.com\/@runningcultural\"><font style=\"vertical-align: inherit;\"><font style=\"vertical-align: inherit;\">\u200b<\/font><\/font><\/a><\/strong><font style=\"vertical-align: inherit;\"><\/font><\/li>\n<\/ul>\n\n\n\n<p class=\"has-text-align-left\">\ud83d\udce9 <strong>Email:<\/strong> <a href=\"mailto:runningcultural@gmail.com\" target=\"_blank\" rel=\"noreferrer noopener\">runningcultural@gmail.com<\/a><\/p>\n<\/div><\/div>\n\n\n\n<div class=\"wp-block-kadence-column kadence-column2685_6301c0-62\"><div class=\"kt-inside-inner-col\">\n<p><\/p>\n<\/div><\/div>\n\n<\/div><\/div><\/div><\/div>\n\n<\/div><\/div><\/div><\/div>\n<div class=\"pvc_clear\"><\/div><p id=\"pvc_stats_2685\" class=\"pvc_stats all  \" data-element-id=\"2685\" style=\"\"><i class=\"pvc-stats-icon small\" aria-hidden=\"true\"><svg aria-hidden=\"true\" focusable=\"false\" data-prefix=\"far\" data-icon=\"chart-bar\" role=\"img\" xmlns=\"http:\/\/www.w3.org\/2000\/svg\" viewBox=\"0 0 512 512\" class=\"svg-inline--fa fa-chart-bar fa-w-16 fa-2x\"><path fill=\"currentColor\" d=\"M396.8 352h22.4c6.4 0 12.8-6.4 12.8-12.8V108.8c0-6.4-6.4-12.8-12.8-12.8h-22.4c-6.4 0-12.8 6.4-12.8 12.8v230.4c0 6.4 6.4 12.8 12.8 12.8zm-192 0h22.4c6.4 0 12.8-6.4 12.8-12.8V140.8c0-6.4-6.4-12.8-12.8-12.8h-22.4c-6.4 0-12.8 6.4-12.8 12.8v198.4c0 6.4 6.4 12.8 12.8 12.8zm96 0h22.4c6.4 0 12.8-6.4 12.8-12.8V204.8c0-6.4-6.4-12.8-12.8-12.8h-22.4c-6.4 0-12.8 6.4-12.8 12.8v134.4c0 6.4 6.4 12.8 12.8 12.8zM496 400H48V80c0-8.84-7.16-16-16-16H16C7.16 64 0 71.16 0 80v336c0 17.67 14.33 32 32 32h464c8.84 0 16-7.16 16-16v-16c0-8.84-7.16-16-16-16zm-387.2-48h22.4c6.4 0 12.8-6.4 12.8-12.8v-70.4c0-6.4-6.4-12.8-12.8-12.8h-22.4c-6.4 0-12.8 6.4-12.8 12.8v70.4c0 6.4 6.4 12.8 12.8 12.8z\" class=\"\"><\/path><\/svg><\/i> <img decoding=\"async\" width=\"16\" height=\"16\" alt=\"Loading\" src=\"https:\/\/runningcultural.es\/wp-content\/plugins\/page-views-count\/ajax-loader-2x.gif\" border=0 \/><\/p><div class=\"pvc_clear\"><\/div><style class=\"advgb-styles-renderer\">.kadence-column2685_f52952-09 > .kt-inside-inner-col,.kadence-column2685_f52952-09 > .kt-inside-inner-col:before{border-top-left-radius:0px;border-top-right-radius:0px;border-bottom-right-radius:0px;border-bottom-left-radius:0px;}.kadence-column2685_f52952-09 > .kt-inside-inner-col{column-gap:var(--global-kb-gap-sm, 1rem);}.kadence-column2685_f52952-09 > .kt-inside-inner-col{flex-direction:column;}.kadence-column2685_f52952-09 > .kt-inside-inner-col > .aligncenter{width:100%;}.kadence-column2685_f52952-09 > .kt-inside-inner-col:before{opacity:0.3;}.kadence-column2685_f52952-09{position:relative;}@media all and (max-width: 1024px){.kadence-column2685_f52952-09 > .kt-inside-inner-col{flex-direction:column;justify-content:center;}}@media all and (max-width: 767px){.kadence-column2685_f52952-09 > .kt-inside-inner-col{flex-direction:column;justify-content:center;}}.kb-row-layout-wrap.wp-block-kadence-rowlayout.kb-row-layout-id2685_1e39da-a7{margin-top:var(--global-kb-spacing-3xl, 6.5rem);}.kb-row-layout-id2685_1e39da-a7 > .kt-row-column-wrap{align-content:start;}:where(.kb-row-layout-id2685_1e39da-a7 > .kt-row-column-wrap) > .wp-block-kadence-column{justify-content:start;}.kb-row-layout-id2685_1e39da-a7 > .kt-row-column-wrap{column-gap:var(--global-kb-gap-md, 2rem);row-gap:var(--global-kb-gap-md, 2rem);padding-top:var(--global-kb-spacing-3xl, 6.5rem);padding-bottom:var(--global-kb-spacing-sm, 1.5rem);grid-template-columns:minmax(0, 1fr);}.kb-row-layout-id2685_1e39da-a7 > .kt-row-layout-overlay{opacity:0.30;}@media all and (max-width: 1024px){.kb-row-layout-id2685_1e39da-a7 > .kt-row-column-wrap{grid-template-columns:minmax(0, 1fr);}}@media all and (max-width: 767px){.kb-row-layout-id2685_1e39da-a7 > .kt-row-column-wrap{grid-template-columns:minmax(0, 1fr);}}.kadence-column2685_cc4215-c9 > .kt-inside-inner-col,.kadence-column2685_cc4215-c9 > .kt-inside-inner-col:before{border-top-left-radius:0px;border-top-right-radius:0px;border-bottom-right-radius:0px;border-bottom-left-radius:0px;}.kadence-column2685_cc4215-c9 > .kt-inside-inner-col{column-gap:var(--global-kb-gap-sm, 1rem);}.kadence-column2685_cc4215-c9 > .kt-inside-inner-col{flex-direction:column;}.kadence-column2685_cc4215-c9 > .kt-inside-inner-col > .aligncenter{width:100%;}.kadence-column2685_cc4215-c9 > .kt-inside-inner-col:before{opacity:0.3;}.kadence-column2685_cc4215-c9{position:relative;}@media all and (max-width: 1024px){.kadence-column2685_cc4215-c9 > .kt-inside-inner-col{flex-direction:column;justify-content:center;}}@media all and (max-width: 767px){.kadence-column2685_cc4215-c9 > .kt-inside-inner-col{flex-direction:column;justify-content:center;}}.kb-row-layout-id2685_09dff3-b8 > .kt-row-column-wrap{align-content:start;}:where(.kb-row-layout-id2685_09dff3-b8 > .kt-row-column-wrap) > .wp-block-kadence-column{justify-content:start;}.kb-row-layout-id2685_09dff3-b8 > .kt-row-column-wrap{column-gap:var(--global-kb-gap-md, 2rem);row-gap:var(--global-kb-gap-md, 2rem);padding-top:var(--global-kb-spacing-sm, 1.5rem);grid-template-columns:minmax(0, 1fr);}.kb-row-layout-id2685_09dff3-b8 > .kt-row-layout-overlay{opacity:0.30;}@media all and (max-width: 1024px){.kb-row-layout-id2685_09dff3-b8 > .kt-row-column-wrap{grid-template-columns:minmax(0, 1fr);}}@media all and (max-width: 767px){.kb-row-layout-id2685_09dff3-b8 > .kt-row-column-wrap{grid-template-columns:minmax(0, 1fr);}}.kadence-column2685_3e8d84-11 > .kt-inside-inner-col,.kadence-column2685_3e8d84-11 > .kt-inside-inner-col:before{border-top-left-radius:0px;border-top-right-radius:0px;border-bottom-right-radius:0px;border-bottom-left-radius:0px;}.kadence-column2685_3e8d84-11 > .kt-inside-inner-col{column-gap:var(--global-kb-gap-sm, 1rem);}.kadence-column2685_3e8d84-11 > .kt-inside-inner-col{flex-direction:column;}.kadence-column2685_3e8d84-11 > .kt-inside-inner-col > .aligncenter{width:100%;}.kadence-column2685_3e8d84-11 > .kt-inside-inner-col:before{opacity:0.3;}.kadence-column2685_3e8d84-11{position:relative;}@media all and (max-width: 1024px){.kadence-column2685_3e8d84-11 > .kt-inside-inner-col{flex-direction:column;justify-content:center;}}@media all and (max-width: 767px){.kadence-column2685_3e8d84-11 > .kt-inside-inner-col{flex-direction:column;justify-content:center;}}.kadence-column2685_6301c0-62 > .kt-inside-inner-col,.kadence-column2685_6301c0-62 > .kt-inside-inner-col:before{border-top-left-radius:0px;border-top-right-radius:0px;border-bottom-right-radius:0px;border-bottom-left-radius:0px;}.kadence-column2685_6301c0-62 > .kt-inside-inner-col{column-gap:var(--global-kb-gap-sm, 1rem);}.kadence-column2685_6301c0-62 > .kt-inside-inner-col{flex-direction:column;}.kadence-column2685_6301c0-62 > .kt-inside-inner-col > .aligncenter{width:100%;}.kadence-column2685_6301c0-62 > .kt-inside-inner-col:before{opacity:0.3;}.kadence-column2685_6301c0-62{position:relative;}@media all and (max-width: 1024px){.kadence-column2685_6301c0-62 > .kt-inside-inner-col{flex-direction:column;justify-content:center;}}@media all and (max-width: 767px){.kadence-column2685_6301c0-62 > .kt-inside-inner-col{flex-direction:column;justify-content:center;}}<\/style>","protected":false},"excerpt":{"rendered":"<p>En cualquier momento puedes darte de baja con tan s\u00f3lo enviarnos un mail : \ud83d\udce9 Email: runningcultural@gmail.com \u2705 \u00a1Ap\u00fantate a la newsletter y s\u00e9 el primero en descubrir nuevas rutas y movidas monta\u00f1eras! \ud83d\udcec Suscr\u00edbete y mantente al d\u00eda con lo \u00faltimo en rutas, art\u00edculos y experiencias. \u00a1Que nada se te escape! \ud83c\udfc3\u200d\u2642\ufe0f\u2728 \u00a1S\u00edguenos en&#8230;<\/p>\n<div class=\"pvc_clear\"><\/div>\n<p id=\"pvc_stats_2685\" class=\"pvc_stats all  \" data-element-id=\"2685\" style=\"\"><i class=\"pvc-stats-icon small\" aria-hidden=\"true\"><svg aria-hidden=\"true\" focusable=\"false\" data-prefix=\"far\" data-icon=\"chart-bar\" role=\"img\" xmlns=\"http:\/\/www.w3.org\/2000\/svg\" viewBox=\"0 0 512 512\" class=\"svg-inline--fa fa-chart-bar fa-w-16 fa-2x\"><path fill=\"currentColor\" d=\"M396.8 352h22.4c6.4 0 12.8-6.4 12.8-12.8V108.8c0-6.4-6.4-12.8-12.8-12.8h-22.4c-6.4 0-12.8 6.4-12.8 12.8v230.4c0 6.4 6.4 12.8 12.8 12.8zm-192 0h22.4c6.4 0 12.8-6.4 12.8-12.8V140.8c0-6.4-6.4-12.8-12.8-12.8h-22.4c-6.4 0-12.8 6.4-12.8 12.8v198.4c0 6.4 6.4 12.8 12.8 12.8zm96 0h22.4c6.4 0 12.8-6.4 12.8-12.8V204.8c0-6.4-6.4-12.8-12.8-12.8h-22.4c-6.4 0-12.8 6.4-12.8 12.8v134.4c0 6.4 6.4 12.8 12.8 12.8zM496 400H48V80c0-8.84-7.16-16-16-16H16C7.16 64 0 71.16 0 80v336c0 17.67 14.33 32 32 32h464c8.84 0 16-7.16 16-16v-16c0-8.84-7.16-16-16-16zm-387.2-48h22.4c6.4 0 12.8-6.4 12.8-12.8v-70.4c0-6.4-6.4-12.8-12.8-12.8h-22.4c-6.4 0-12.8 6.4-12.8 12.8v70.4c0 6.4 6.4 12.8 12.8 12.8z\" class=\"\"><\/path><\/svg><\/i> <img decoding=\"async\" width=\"16\" height=\"16\" alt=\"Loading\" src=\"https:\/\/runningcultural.es\/wp-content\/plugins\/page-views-count\/ajax-loader-2x.gif\" border=0 \/><\/p>\n<div class=\"pvc_clear\"><\/div>\n","protected":false},"author":1,"featured_media":2589,"parent":0,"menu_order":0,"comment_status":"closed","ping_status":"closed","template":"","meta":{"_eb_attr":"","inline_featured_image":false,"advgb_blocks_editor_width":"","advgb_blocks_columns_visual_guide":"","_kadence_starter_templates_imported_post":false,"_kad_post_transparent":"","_kad_post_title":"","_kad_post_layout":"","_kad_post_sidebar_id":"","_kad_post_content_style":"","_kad_post_vertical_padding":"","_kad_post_feature":"","_kad_post_feature_position":"","_kad_post_header":false,"_kad_post_footer":false,"_kad_post_classname":"","footnotes":""},"class_list":["post-2685","page","type-page","status-publish","has-post-thumbnail","hentry"],"coauthors":[],"author_meta":{"author_link":"https:\/\/runningcultural.es\/index.php\/author\/basalox\/","display_name":"Basalox"},"relative_dates":{"created":"Publicado 1 a\u00f1o hace","modified":"Actualizado 1 a\u00f1o hace"},"absolute_dates":{"created":"Publicado el 7 de abril de 2025","modified":"Actualizado el 10 de abril de 2025"},"absolute_dates_time":{"created":"Publicado el 7 de abril de 2025 12:51","modified":"Actualizado el 10 de abril de 2025 13:12"},"featured_img_caption":"","featured_img":"https:\/\/runningcultural.es\/wp-content\/uploads\/2025\/04\/LOGO_Portada_FB_700X200.jpeg","series_order":null,"post_mailing_queue_ids":[],"_links":{"self":[{"href":"https:\/\/runningcultural.es\/index.php\/wp-json\/wp\/v2\/pages\/2685","targetHints":{"allow":["GET"]}}],"collection":[{"href":"https:\/\/runningcultural.es\/index.php\/wp-json\/wp\/v2\/pages"}],"about":[{"href":"https:\/\/runningcultural.es\/index.php\/wp-json\/wp\/v2\/types\/page"}],"author":[{"embeddable":true,"href":"https:\/\/runningcultural.es\/index.php\/wp-json\/wp\/v2\/users\/1"}],"replies":[{"embeddable":true,"href":"https:\/\/runningcultural.es\/index.php\/wp-json\/wp\/v2\/comments?post=2685"}],"version-history":[{"count":8,"href":"https:\/\/runningcultural.es\/index.php\/wp-json\/wp\/v2\/pages\/2685\/revisions"}],"predecessor-version":[{"id":2726,"href":"https:\/\/runningcultural.es\/index.php\/wp-json\/wp\/v2\/pages\/2685\/revisions\/2726"}],"wp:featuredmedia":[{"embeddable":true,"href":"https:\/\/runningcultural.es\/index.php\/wp-json\/wp\/v2\/media\/2589"}],"wp:attachment":[{"href":"https:\/\/runningcultural.es\/index.php\/wp-json\/wp\/v2\/media?parent=2685"}],"curies":[{"name":"wp","href":"https:\/\/api.w.org\/{rel}","templated":true}]}}